208?
824
Calculate the highest common factor of 2418489 and 18.
9
What is the highest common divisor of 444870 and 360?
90
What is the highest common factor of 2088828 and 81?
81
What is the greatest common divisor of 61152 and 2964?
156
What is the greatest common divisor of 63 and 1524957?
21
What is the greatest common factor of 572 and 3097237?
143
Calculate the highest common factor of 3 and 403773.
3
What is the greatest common divisor of 228558 and 264?
66
What is the greatest common divisor of 131 and 453391?
131
What is the greatest common divisor of 3069 and 1498695?
1023
Calculate the greatest common divisor of 42 and 61368.
6
Calculate the highest common divisor of 540 and 72873.
27
Calculate the highest common divisor of 1064 and 23940.
532
Calculate the greatest common factor of 141077 and 639.
71
Calculate the greatest common factor of 28985 and 2387.
341
What is the highest common divisor of 10 and 40960?
10
What is the greatest common factor of 29711 and 5291?
407
Calculate the greatest common divisor of 73670 and 23630.
1390
What is the greatest common divisor of 1023 and 81?
3
What is the highest common divisor of 17972820 and 830?
830
What is the highest common factor of 329 and 2429?
7
Calculate the highest common factor of 18 and 27153.
9
What is the greatest common divisor of 2481306 and 12?
6
Calculate the greatest common divisor of 125672 and 184.
184
Calculate the greatest common factor of 432 and 343656.
216
What is the greatest common divisor of 13 and 612300?
13
Calculate the greatest common factor of 1023 and 242583.
33
Calculate the greatest common factor of 570 and 13870.
190
What is the highest common factor of 854907 and 6?
3
What is the greatest common factor of 7799 and 11?
11
Calculate the highest common factor of 432042 and 39.
39
Calculate the highest common divisor of 345 and 3495.
15
Calculate the greatest common factor of 31006 and 814.
74
What is the highest common factor of 71408 and 48?
16
Calculate the greatest common divisor of 126 and 63609.
21
Calculate the highest common divisor of 120 and 148656.
24
What is the highest common factor of 143976 and 672?
168
Calculate the greatest common divisor of 315 and 34461.
63
Calculate the highest common divisor of 816 and 765.
51
What is the greatest common factor of 1 and 80778?
1
Calculate the highest common factor of 1617 and 7350.
147
Calculate the highest common factor of 2159 and 4267.
17
Calculate the highest common divisor of 11968 and 211616.
544
What is the highest common divisor of 390 and 11622?
78
What is the highest common divisor of 94 and 135313?
47
What is the greatest common factor of 3186980 and 20?
20
Calculate the highest common factor of 442952 and 72.
8
What is the highest common divisor of 16565 and 95?
5
What is the highest common factor of 2104 and 196?
4
What is the highest common factor of 50672 and 80?
16
What is the highest common factor of 134 and 384379?
67
Calculate the greatest common factor of 374780 and 980.
140
Calculate the greatest common factor of 93 and 14105.
31
Calculate the highest common factor of 28032 and 204.
12
What is the greatest common factor of 11008 and 274688?
256
Calculate the greatest common factor of 31 and 396521.
31
Calculate the greatest common factor of 895680 and 450.
90
What is the highest common divisor of 304187 and 52?
13
What is the highest common factor of 99 and 101547?
9
Calculate the highest common divisor of 192041 and 181.
181
What is the greatest common divisor of 21 and 316911?
21
What is the greatest common factor of 88 and 7253444?
44
What is the highest common factor of 2695 and 7392?
77
Calculate the greatest common divisor of 104 and 1184.
8
Calculate the greatest common divisor of 18192 and 176.
16
Calculate the greatest common divisor of 9816 and 4920.
24
What is the highest common divisor of 135192 and 48?
24
Calculate the highest common divisor of 197583 and 201.
201
Calculate the greatest common factor of 67127 and 323.
19
Calculate the highest common divisor of 3 and 445455.
3
Calculate the highest common divisor of 70 and 14714.
14
What is the highest common divisor of 75 and 1441305?
15
What is the highest common divisor of 490 and 25459?
7
Calculate the greatest common divisor of 490 and 28322.
98
Calculate the greatest common factor of 339 and 25186683.
339
What is the greatest common factor of 266 and 55006?
14
Calculate the greatest common factor of 125 and 1355.
5
Calculate the highest common divisor of 167 and 74983.
167
What is the greatest common factor of 19783035 and 270?
135
What is the highest common factor of 25128 and 144?
72
What is the highest common divisor of 489473 and 37?
37
Calculate the greatest common divisor of 41491 and 2.
1
What is the greatest common divisor of 228665 and 415?
415
What is the highest common factor of 28 and 1682548?
28
Calculate the greatest common divisor of 96824 and 741.
247
Calculate the greatest common factor of 263971 and 69.
23
Calculate the highest common divisor of 319030 and 1525.
305
What is the highest common divisor of 225 and 276975?
225
What is the greatest common divisor of 735 and 37380?
105
Calculate the highest common factor of 704 and 1016268.
44
Calculate the highest common divisor of 125 and 545.
5
Calculate the greatest common factor of 8 and 5167.
1
What is the highest common factor of 610816 and 128?
128
What is the highest common divisor of 899346 and 3990?
798
What is the highest common factor of 3228 and 24?
12
What is the greatest common divisor of 29212 and 14061?
109
Calculate the highest common factor of 114850 and 135.
5
Calculate the greatest common divisor of 18 and 1934.
2
What is the highest common divisor of 216 and 1992?
24
Calculate the highest common factor of 4016431 and 229.
229
What is the greatest common divisor of 35 and 23373665?
35
Calculate the highest common factor of 207 and 136321.
23
Calculate the highest common factor of 147 and 98833.
49
What is the greatest common factor of 162291 and 141?
141
What is the highest common factor of 282 and 175451?
47
Calculate the highest common divisor of 928 and 164416.
32
What is the greatest common factor of 55 and 11759?
11
Calculate the greatest common factor of 3784 and 1716.
44
Calculate the greatest common factor of 12716 and 484.
44
Calculate the greatest common factor of 169595 and 2675.
535
What is the greatest common divisor of 40 and 353260?
20
Calculate the highest common factor of 1 and 5783.
1
Calculate the highest common divisor of 99 and 1263.
3
Calculate the greatest common factor of 3285016 and 56.
56
Calculate the greatest common divisor of 51 and 404430.
51
Calculate the greatest common factor of 1661997 and 393.
393
What is the highest common factor of 17893 and 145?
29
What is the highest common factor of 258156 and 505?
101
Calculate the highest common factor of 3321 and 2009.
41
Calculate the greatest common factor of 314 and 152447.
157
What is the highest common divisor of 5355656 and 3576?
1192
What is the greatest common factor of 1236 and 1248051?
309
Calculate the highest common divisor of 180 and 22284.
36
Calculate the highest common divisor of 2205 and 495.
45
What is the highest common factor of 96 and 474?
6
What is the greatest common factor of 42 and 31731?
21
Calculate the greatest common factor of 7 and 2227.
1
What is the greatest common divisor of 6688 and 7904?
608
What is the greatest common divisor of 4 and 24746?
2
Calculate the highest common divisor of 1633 and 2024.
23
What is the greatest common divisor of 9324 and 5957?
259
Calculate the highest common factor of 64062 and 153.
9
Calculate the highest common factor of 37 and 2327411.
37
What is the highest common divisor of 3493 and 91?
7
Calculate the highest common divisor of 1279287 and 54.
27
What is the highest common factor of 505262 and 1285?
257
Calculate the greatest common divisor of 64046 and 14012.
62
What is the highest common factor of 1476481 and 1851?
617
Calculate the highest common divisor of 965311 and 17.
17
What is the highest common divisor of 561 and 44?
11
Calculate the highest common divisor of 519 and 3618.
3
What is the highest common factor of 31772 and 940?
188
Calculate the greatest common factor of 100